{"id":2,"date":"2014-03-15T14:44:13","date_gmt":"2014-03-15T14:44:13","guid":{"rendered":"http:\/\/www.picco-carpe-culturas.com\/?page_id=2"},"modified":"2021-08-31T16:03:35","modified_gmt":"2021-08-31T14:03:35","slug":"beispiel-seite","status":"publish","type":"page","link":"http:\/\/picco-cl-cc.de\/1788\/","title":{"rendered":"Start"},"content":{"rendered":"<h3 style=\"text-align: center;\"><strong>&#8222;picco&#8220; carpe culturas: Damit Kommunikation zwischen Menschen und Kulturen gelingt.<br \/><\/strong><\/h3>\n<p>Verst\u00e4ndigung zwischen Menschen zu erm\u00f6glichen, darin sehe ich meine Mission. Um diese Mission in Zeiten von Kontaktsperren weiter erf\u00fcllen zu k\u00f6nnen, biete ich ab sofort auch online-Schulungen zu den Themen Kommunikation, interkulturelle Kompetenzen und der Arbeit mit Dolmetscher*innen im Gemeinwesen.<\/p>\n<p>\u00a0<\/p>\n\n\n<p><\/p>\n","protected":false},"excerpt":{"rendered":"<p>&#8222;picco&#8220; carpe culturas: Damit Kommunikation zwischen Menschen und Kulturen gelingt. Verst\u00e4ndigung zwischen Menschen zu erm\u00f6glichen, darin sehe ich meine Mission. Um diese Mission in Zeiten von Kontaktsperren weiter erf\u00fcllen zu k\u00f6nnen, biete ich ab sofort auch online-Schulungen zu den Themen Kommunikation, interkulturelle Kompetenzen und der Arbeit mit Dolmetscher*innen im Gemeinwesen. \u00a0<\/p>\n","protected":false},"author":1,"featured_media":0,"parent":0,"menu_order":3,"comment_status":"open","ping_status":"open","template":"template-biz.php","meta":[],"_links":{"self":[{"href":"http:\/\/picco-cl-cc.de\/1788\/wp-json\/wp\/v2\/pages\/2"}],"collection":[{"href":"http:\/\/picco-cl-cc.de\/1788\/wp-json\/wp\/v2\/pages"}],"about":[{"href":"http:\/\/picco-cl-cc.de\/1788\/wp-json\/wp\/v2\/types\/page"}],"author":[{"embeddable":true,"href":"http:\/\/picco-cl-cc.de\/1788\/wp-json\/wp\/v2\/users\/1"}],"replies":[{"embeddable":true,"href":"http:\/\/picco-cl-cc.de\/1788\/wp-json\/wp\/v2\/comments?post=2"}],"version-history":[{"count":34,"href":"http:\/\/picco-cl-cc.de\/1788\/wp-json\/wp\/v2\/pages\/2\/revisions"}],"predecessor-version":[{"id":2653,"href":"http:\/\/picco-cl-cc.de\/1788\/wp-json\/wp\/v2\/pages\/2\/revisions\/2653"}],"wp:attachment":[{"href":"http:\/\/picco-cl-cc.de\/1788\/wp-json\/wp\/v2\/media?parent=2"}],"curies":[{"name":"wp","href":"https:\/\/api.w.org\/{rel}","templated":true}]}}